{"id":125,"date":"2017-12-05T22:16:00","date_gmt":"2017-12-05T21:16:00","guid":{"rendered":"http:\/\/osteopathe-villepreux.fr\/?page_id=125"},"modified":"2019-06-24T20:17:30","modified_gmt":"2019-06-24T18:17:30","slug":"accueil","status":"publish","type":"page","link":"https:\/\/osteopathe-villepreux.fr\/","title":{"rendered":"Accueil"},"content":{"rendered":"<p><div class=\"fusion-fullwidth fullwidth-box fusion-builder-row-1 nonhundred-percent-fullwidth hundred-percent-height hundred-percent-height-center-content non-hundred-percent-height-scrolling\" style=\"background-color: rgba(255,255,255,0);background-position: center center;background-repeat: no-repeat;padding-top:14%;padding-right:5%;padding-bottom:14%;padding-left:5%;margin-bottom: 0px;margin-top: 0px;border-width: 0px 0px 0px 0px;border-color:#eae9e9;border-style:solid;\" ><div class=\"fusion-fullwidth-center-content\"><div class=\"fusion-builder-row fusion-row\"><div class=\"fusion-layout-column fusion_builder_column fusion-builder-column-0 fusion_builder_column_2_3 2_3 fusion-two-third fusion-column-first\" style=\"width:65.3333%; margin-right: 4%;margin-top:0px;margin-bottom:20px;\"><div class=\"fusion-column-wrapper fusion-flex-column-wrapper-legacy\" style=\"background-position:left top;background-repeat:no-repeat;-webkit-background-size:cover;-moz-background-size:cover;-o-background-size:cover;background-size:cover;padding: 0px 0px 0px 0px;\"><div class=\"fusion-text fusion-text-1\"><h1><strong><span style=\"color: #666699;\">C\u00e9cile Gillard-Gu\u00e9guen<\/span><\/strong><\/h1>\n<h2><span style=\"color: #3bafbf;\">Ost\u00e9opathe D.O. certifi\u00e9e en Biokinergie et harmonisation psycho-corporelle<\/span><\/h2>\n<h3 style=\"font-size: 26px; line-height: 36px;\"><span style=\"color: #666699;\">L&#8217;ost\u00e9opathie est un traitement\u00a0 manuel global qui vise \u00e0 lever les restrictions de mobilit\u00e9 diverses du corps pour restaurer l&#8217;\u00e9tat g\u00e9n\u00e9ral et naturel de bien \u00eatre d&#8217;une personne.<\/span><\/h3>\n<h3 style=\"font-size: 26px; line-height: 36px;\"><span style=\"color: #666699;\">La biokinergie permet d&#8217;\u00e9quilibrer le corps dans sa dimension \u00e9nerg\u00e9tique, notamment par la stimulation manuelle de points d&#8217;acuponcture.<\/span><\/h3>\n<h3 style=\"font-size: 26px; line-height: 36px;\"><span style=\"color: #666699;\">L&#8217;harmonisation psycho-corporelle repose sur l&#8217;\u00e9quilibration de d\u00e9sordres somatiques et \u00e9nerg\u00e9tiques d&#8217;origine psychique.\u00a0<\/span><\/h3>\n<\/div><div class=\"fusion-clearfix\"><\/div><\/div><\/div><div class=\"fusion-layout-column fusion_builder_column fusion-builder-column-1 fusion_builder_column_1_3 1_3 fusion-one-third fusion-column-last fusion-animated\" style=\"width:30.6666%;margin-top:0px;margin-bottom:20px;\" data-animationType=\"fadeInUp\" data-animationDuration=\"0.2\" data-animationOffset=\"top-into-view\"><div class=\"fusion-column-wrapper fusion-flex-column-wrapper-legacy\" style=\"background-position:left top;background-repeat:no-repeat;-webkit-background-size:cover;-moz-background-size:cover;-o-background-size:cover;background-size:cover;background-color:rgba(59,175,191,0.45);padding: 0px 0px 0px 0px;\"><style type=\"text\/css\"><\/style><div class=\"fusion-title title fusion-title-1 fusion-sep-none fusion-title-center fusion-title-text fusion-title-size-three\" style=\"margin-top:0px;margin-right:0px;margin-bottom:31px;margin-left:0px;\"><h3 class=\"title-heading-center\" style=\"margin:0;\"><span style=\"color: #ffffff;\"><strong>CONTACT<\/strong><\/span><\/h3><\/div><div class=\"fusion-sep-clear\"><\/div><div class=\"fusion-separator fusion-full-width-sep\" style=\"margin-left: auto;margin-right: auto;margin-top:5px;margin-bottom:25px;width:100%;\"><div class=\"fusion-separator-border sep-single sep-solid\" style=\"border-color:#3bafbf;border-top-width:2px;\"><\/div><\/div><div class=\"fusion-sep-clear\"><\/div><div class=\"fusion-text fusion-text-2\"><div class=\"table-2\">\n<table width=\"100%\">\n<tbody>\n<tr>\n<td style=\"text-align: center;\"><span style=\"color: #ffffff;\"><strong>01 85 40 01 89<br \/>\n06 81 10 10 67<\/strong><\/span><\/td>\n<\/tr>\n<tr>\n<td style=\"text-align: center;\"><span style=\"color: #ffffff;\"><strong><a style=\"color: #ffffff;\" href=\"https:\/\/www.google.fr\/maps\/place\/14+Avenue+de+la+Maladrerie,+78450+Villepreux\/@48.8151439,2.002559,17z\/data=!3m1!4b1!4m5!3m4!1s0x47e68429ce744017:0x2bc5c3b8e60f15a0!8m2!3d48.8151404!4d2.0047477\" target=\"_blank\" rel=\"noopener\">14 Avenue de la Maladrerie 78450 Villepreux<\/a> &#8211; quartier du Val Joyeux, proche des Clayes-sous-Bois<\/strong><\/span><\/td>\n<\/tr>\n<tr>\n<td style=\"text-align: center;\"><span style=\"color: #ffffff;\"><strong>Num\u00e9ro Adeli : 787012350 <\/strong><\/span><\/td>\n<\/tr>\n<\/tbody>\n<\/table>\n<\/div>\n<\/div><div class=\"fusion-aligncenter\"><style type=\"text\/css\">.fusion-button.button-1 {border-radius:2px;}<\/style><a class=\"fusion-button button-flat fusion-button-default-size button-default button-1 fusion-button-default-span fusion-button-default-type\" target=\"_blank\" rel=\"noopener noreferrer\" title=\"Prendre RDV en ligne\" href=\"https:\/\/www.doctolib.fr\/osteopathe\/villepreux\/cecile-gillard-gueguen\"><span class=\"fusion-button-text\">Prendre RDV en ligne<\/span><\/a><\/div><div class=\"fusion-sep-clear\"><\/div><div class=\"fusion-separator fusion-full-width-sep\" style=\"margin-left: auto;margin-right: auto;margin-top:15px;margin-bottom:10px;width:100%;\"><\/div><div class=\"fusion-sep-clear\"><\/div><div class=\"fusion-aligncenter\"><style type=\"text\/css\">.fusion-button.button-2 {border-radius:2px;}<\/style><a class=\"fusion-button button-flat fusion-button-default-size button-default button-2 fusion-button-span-no fusion-button-default-type\" target=\"_self\" title=\"parcours\" href=\"http:\/\/osteopathe-villepreux.fr\/?page_id=177\"><span class=\"fusion-button-text\">En savoir plus sur votre ost\u00e9opathe<\/span><\/a><\/div><div class=\"fusion-clearfix\"><\/div><\/div><\/div><\/div><\/div><\/div><div class=\"fusion-fullwidth fullwidth-box fusion-builder-row-2 nonhundred-percent-fullwidth non-hundred-percent-height-scrolling\" style=\"background-color: rgba(7,7,7,0);background-position: center center;background-repeat: no-repeat;padding-top:10px;padding-right:0px;padding-bottom:10px;padding-left:0px;margin-bottom: 0px;margin-top: 0px;border-width: 0px 0px 0px 0px;border-color:#eae9e9;border-style:solid;\" ><div class=\"fusion-builder-row fusion-row\"><div class=\"fusion-layout-column fusion_builder_column fusion-builder-column-2 fusion_builder_column_1_1 1_1 fusion-one-full fusion-column-first fusion-column-last fusion-column-no-min-height\" style=\"margin-top:0px;margin-bottom:0px;\"><div class=\"fusion-column-wrapper fusion-flex-column-wrapper-legacy\" style=\"background-position:left top;background-repeat:no-repeat;-webkit-background-size:cover;-moz-background-size:cover;-o-background-size:cover;background-size:cover;padding: 0px 0px 0px 0px;\"><div class=\"fusion-image-carousel fusion-image-carousel-auto\"><div class=\"fusion-carousel\" data-autoplay=\"yes\" data-columns=\"4\" data-itemmargin=\"30\" data-itemwidth=\"180\" data-touchscroll=\"yes\" data-imagesize=\"auto\" data-scrollitems=\"1\"><div class=\"fusion-carousel-positioner\"><ul class=\"fusion-carousel-holder\"><li class=\"fusion-carousel-item\"><div class=\"fusion-carousel-item-wrapper\"><div class=\"fusion-image-wrapper hover-type-none\"><img width=\"270\" height=\"408\" src=\"https:\/\/osteopathe-villepreux.fr\/wp-content\/uploads\/2017\/12\/DSC_3591-e1513596004270.jpg\" class=\"attachment-full size-full\" alt=\"\" \/><\/div><\/div><\/li><li class=\"fusion-carousel-item\"><div class=\"fusion-carousel-item-wrapper\"><div class=\"fusion-image-wrapper hover-type-none\"><img width=\"1000\" height=\"662\" src=\"https:\/\/osteopathe-villepreux.fr\/wp-content\/uploads\/2017\/12\/DSC_3507.png\" class=\"attachment-full size-full\" alt=\"\" srcset=\"https:\/\/osteopathe-villepreux.fr\/wp-content\/uploads\/2017\/12\/DSC_3507-200x132.png 200w, https:\/\/osteopathe-villepreux.fr\/wp-content\/uploads\/2017\/12\/DSC_3507-400x265.png 400w, https:\/\/osteopathe-villepreux.fr\/wp-content\/uploads\/2017\/12\/DSC_3507-600x397.png 600w, https:\/\/osteopathe-villepreux.fr\/wp-content\/uploads\/2017\/12\/DSC_3507-800x530.png 800w, https:\/\/osteopathe-villepreux.fr\/wp-content\/uploads\/2017\/12\/DSC_3507.png 1000w\" sizes=\"(min-width: 2200px) 100vw, (min-width: 856px) 253px, (min-width: 784px) 337px, (min-width: 712px) 505px, (min-width: 640px) 712px, \" \/><\/div><\/div><\/li><li class=\"fusion-carousel-item\"><div class=\"fusion-carousel-item-wrapper\"><div class=\"fusion-image-wrapper hover-type-none\"><img width=\"1000\" height=\"662\" src=\"https:\/\/osteopathe-villepreux.fr\/wp-content\/uploads\/2017\/12\/DSC_3514.png\" class=\"attachment-full size-full\" alt=\"\" srcset=\"https:\/\/osteopathe-villepreux.fr\/wp-content\/uploads\/2017\/12\/DSC_3514-200x132.png 200w, https:\/\/osteopathe-villepreux.fr\/wp-content\/uploads\/2017\/12\/DSC_3514-400x265.png 400w, https:\/\/osteopathe-villepreux.fr\/wp-content\/uploads\/2017\/12\/DSC_3514-600x397.png 600w, https:\/\/osteopathe-villepreux.fr\/wp-content\/uploads\/2017\/12\/DSC_3514-800x530.png 800w, https:\/\/osteopathe-villepreux.fr\/wp-content\/uploads\/2017\/12\/DSC_3514.png 1000w\" sizes=\"(min-width: 2200px) 100vw, (min-width: 856px) 253px, (min-width: 784px) 337px, (min-width: 712px) 505px, (min-width: 640px) 712px, \" \/><\/div><\/div><\/li><li class=\"fusion-carousel-item\"><div class=\"fusion-carousel-item-wrapper\"><div class=\"fusion-image-wrapper hover-type-none\"><img width=\"4928\" height=\"3264\" src=\"https:\/\/osteopathe-villepreux.fr\/wp-content\/uploads\/2017\/12\/DSC_3519.jpg\" class=\"attachment-full size-full\" alt=\"\" \/><\/div><\/div><\/li><li class=\"fusion-carousel-item\"><div class=\"fusion-carousel-item-wrapper\"><div class=\"fusion-image-wrapper hover-type-none\"><img width=\"662\" height=\"1000\" src=\"https:\/\/osteopathe-villepreux.fr\/wp-content\/uploads\/2017\/12\/DSC_3529.png\" class=\"attachment-full size-full\" alt=\"\" srcset=\"https:\/\/osteopathe-villepreux.fr\/wp-content\/uploads\/2017\/12\/DSC_3529-200x302.png 200w, https:\/\/osteopathe-villepreux.fr\/wp-content\/uploads\/2017\/12\/DSC_3529-400x604.png 400w, https:\/\/osteopathe-villepreux.fr\/wp-content\/uploads\/2017\/12\/DSC_3529-600x906.png 600w, https:\/\/osteopathe-villepreux.fr\/wp-content\/uploads\/2017\/12\/DSC_3529.png 662w\" sizes=\"(min-width: 2200px) 100vw, (min-width: 856px) 253px, (min-width: 784px) 337px, (min-width: 712px) 505px, (min-width: 640px) 712px, \" \/><\/div><\/div><\/li><\/ul><\/div><\/div><\/div><div class=\"fusion-sep-clear\"><\/div><div class=\"fusion-separator fusion-full-width-sep\" style=\"margin-left: auto;margin-right: auto;margin-top:-10px;width:100%;\"><\/div><div class=\"fusion-sep-clear\"><\/div><div class=\"fusion-text fusion-text-3\"><h3><em>La citation du moment :\u00a0<\/em>Ne renoncez pas \u00e0 ce que vous voulez vraiment faire. L\u00e0 o\u00f9 il y a des r\u00eaves, de l&#8217;amour et de l&#8217;inspiration, vous ne pourrez pas vous tromper.\u00a0<em>Elsa Fitzgerald (chanteuse de jazz am\u00e9ricaine)<\/em><\/h3>\n<\/div><div class=\"fusion-clearfix\"><\/div><\/div><\/div><\/div><\/div><\/p>\n","protected":false},"excerpt":{"rendered":"","protected":false},"author":1,"featured_media":0,"parent":0,"menu_order":0,"comment_status":"closed","ping_status":"closed","template":"100-width.php","meta":[],"yoast_head":"<!-- This site is optimized with the Yoast SEO plugin v16.5 - https:\/\/yoast.com\/wordpress\/plugins\/seo\/ -->\n<title>Accueil - Ost\u00e9opathe Villepreux C\u00e9cile Gillard-Gu\u00e9guen<\/title>\n<meta name=\"robots\" content=\"index, follow, max-snippet:-1, max-image-preview:large, max-video-preview:-1\" \/>\n<link rel=\"canonical\" href=\"http:\/\/osteopathe-villepreux.fr\/\" \/>\n<meta property=\"og:locale\" content=\"en_US\" \/>\n<meta property=\"og:type\" content=\"article\" \/>\n<meta property=\"og:title\" content=\"Accueil - Ost\u00e9opathe Villepreux C\u00e9cile Gillard-Gu\u00e9guen\" \/>\n<meta property=\"og:url\" content=\"http:\/\/osteopathe-villepreux.fr\/\" \/>\n<meta property=\"og:site_name\" content=\"Ost\u00e9opathe Villepreux C\u00e9cile Gillard-Gu\u00e9guen\" \/>\n<meta property=\"article:modified_time\" content=\"2019-06-24T18:17:30+00:00\" \/>\n<meta name=\"twitter:card\" content=\"summary_large_image\" \/>\n<meta name=\"twitter:label1\" content=\"Est. reading time\" \/>\n\t<meta name=\"twitter:data1\" content=\"5 minutes\" \/>\n<script type=\"application\/ld+json\" class=\"yoast-schema-graph\">{\"@context\":\"https:\/\/schema.org\",\"@graph\":[{\"@type\":\"WebSite\",\"@id\":\"http:\/\/osteopathe-villepreux.fr\/#website\",\"url\":\"http:\/\/osteopathe-villepreux.fr\/\",\"name\":\"Ost\\u00e9opathe Villepreux C\\u00e9cile Gillard-Gu\\u00e9guen\",\"description\":\"Ost\\u00e9opathe certifi\\u00e9e en biokinergie\",\"potentialAction\":[{\"@type\":\"SearchAction\",\"target\":\"http:\/\/osteopathe-villepreux.fr\/?s={search_term_string}\",\"query-input\":\"required name=search_term_string\"}],\"inLanguage\":\"en-US\"},{\"@type\":\"WebPage\",\"@id\":\"http:\/\/osteopathe-villepreux.fr\/#webpage\",\"url\":\"http:\/\/osteopathe-villepreux.fr\/\",\"name\":\"Accueil - Ost\\u00e9opathe Villepreux C\\u00e9cile Gillard-Gu\\u00e9guen\",\"isPartOf\":{\"@id\":\"http:\/\/osteopathe-villepreux.fr\/#website\"},\"datePublished\":\"2017-12-05T21:16:00+00:00\",\"dateModified\":\"2019-06-24T18:17:30+00:00\",\"breadcrumb\":{\"@id\":\"http:\/\/osteopathe-villepreux.fr\/#breadcrumb\"},\"inLanguage\":\"en-US\",\"potentialAction\":[{\"@type\":\"ReadAction\",\"target\":[\"http:\/\/osteopathe-villepreux.fr\/\"]}]},{\"@type\":\"BreadcrumbList\",\"@id\":\"http:\/\/osteopathe-villepreux.fr\/#breadcrumb\",\"itemListElement\":[{\"@type\":\"ListItem\",\"position\":1,\"name\":\"Accueil\",\"item\":\"http:\/\/osteopathe-villepreux.fr\/\"},{\"@type\":\"ListItem\",\"position\":2,\"name\":\"Accueil\"}]}]}<\/script>\n<!-- \/ Yoast SEO plugin. -->","_links":{"self":[{"href":"https:\/\/osteopathe-villepreux.fr\/index.php?rest_route=\/wp\/v2\/pages\/125"}],"collection":[{"href":"https:\/\/osteopathe-villepreux.fr\/index.php?rest_route=\/wp\/v2\/pages"}],"about":[{"href":"https:\/\/osteopathe-villepreux.fr\/index.php?rest_route=\/wp\/v2\/types\/page"}],"author":[{"embeddable":true,"href":"https:\/\/osteopathe-villepreux.fr\/index.php?rest_route=\/wp\/v2\/users\/1"}],"replies":[{"embeddable":true,"href":"https:\/\/osteopathe-villepreux.fr\/index.php?rest_route=%2Fwp%2Fv2%2Fcomments&post=125"}],"version-history":[{"count":99,"href":"https:\/\/osteopathe-villepreux.fr\/index.php?rest_route=\/wp\/v2\/pages\/125\/revisions"}],"predecessor-version":[{"id":308,"href":"https:\/\/osteopathe-villepreux.fr\/index.php?rest_route=\/wp\/v2\/pages\/125\/revisions\/308"}],"wp:attachment":[{"href":"https:\/\/osteopathe-villepreux.fr\/index.php?rest_route=%2Fwp%2Fv2%2Fmedia&parent=125"}],"curies":[{"name":"wp","href":"https:\/\/api.w.org\/{rel}","templated":true}]}}